ppose 9*c + 2964 = 5*l + 10*c, 2*c + 595 = l. List the prime factors of l.
593
Suppose 0 = u - 31*u + 33300. What are the prime factors of u?
2, 3, 5, 37
Let g(u) = -u + 20. Suppose -4*d + i = -29, 4*i = -2*d + 4*d - 4. List the prime factors of g(d).
2, 3
Suppose 8*m - 3*h = 3*m - 26, 24 = -4*m + 4*h. Let a be 0/m + 0 + 0. Suppose 5*z - 33 - 227 = -5*i, a = -i - 3. What are the prime factors of z?
5, 11
Suppose -3*r + 3*i = 15, 0*i + 20 = r + 4*i. Suppose 3*d - 80 = -a, -a + r*d = 5*d - 84. What are the prime factors of a?
2, 37
Suppose -2*d + 53 = -11. Let l(m) = 8*m - d*m - 19*m - 11*m + 3. List the prime factors of l(-1).
3, 19
What are the prime factors of (-1679)/(-4) - 2 - 51/68?
3, 139
What are the prime factors of (-6474)/(-21) + 6/(-21)?
2, 7, 11
Suppose 6*n - 2504 = -2*n. List the prime factors of n.
313
Let f = -742 + 1751. What are the prime factors of f?
1009
Let h(w) = w**2 - 17*w - 1. List the prime factors of h(-8).
199
Suppose q - 10 = -q. Let r be (-6)/(8/(5 - 9)). Suppose -q*l - 17 + 78 = r*w, 4*l - 5*w = 71. List the prime factors of l.
2, 7
Let v = 404 - 194. What are the prime factors of v?
2, 3, 5, 7
Let y = 17 - 12. List the prime factors of (-627)/(-15) - (-1)/y.
2, 3, 7
Suppose 0 = x - 2*p - 88, 0*x + p + 387 = 4*x. List the prime factors of x.
2, 7
Suppose -10*s + 5890 = 21*s. What are the prime factors of s?
2, 5, 19
Let d(o) = 13*o**3 + o**2 + 3*o + 1. Let k be d(-2). Let r = 194 + k. List the prime factors of r.
89
Suppose -n + 4*l + 3884 = 0, -n + 5*l = -3610 - 276. What are the prime factors of n?
2, 3, 17, 19
List the prime factors of ((-1136)/6)/((-48)/72).
2, 71
Let a(b) = 91 + 19*b - 32*b + 17*b. List the prime factors of a(0).
7, 13
Suppose -b = -6*b, 0 = -3*y - 4*b - 309. Let d = y - -213. What are the prime factors of d?
2, 5, 11
Let r = 1791 + -528. What are the prime factors of r?
3, 421
Suppose 0*v + v - 20 = -4*j, 3*j - 32 = -5*v. Suppose -12 = v*c - 6*c. What are the prime factors of 32 + (-5)/10*c?
29
Let a = 16 - 8. Suppose a*u + 37 = 7*u. Let n = 69 + u. List the prime factors of n.
2
Let x be -3 + 2 - (0 + -1). Suppose -p + 2*b = -17, 0 = -2*p - x*b + 5*b + 35. List the prime factors of p.
3, 5
Suppose -5*q - 2*r = r - 1150, r = -5*q + 1150. Suppose -8*f + 408 = 80. Suppose 4*w - f - 143 = 2*y, -5*w + 4*y = -q. List the prime factors of w.
2, 23
Let s be (-1 - 10/(-14)) + 1292/14. Suppose -d = 3*d - s. List the prime factors of d.
23
Let y be -10 + 6 - (-1 - -9). Let z(f) = -f**2 - 15*f - 1. What are the prime factors of z(y)?
5, 7
Suppose x - 15 = -5*f - 2*x, 2*f = x + 17. List the prime factors of (f/27 + 48/27)/1.
2
Suppose -5*t - 3285 = -5*n, -4*t - 1 = -5. List the prime factors of n.
2, 7, 47
Let d(u) = u**3 - 13*u**2 + 15*u + 10. Let x(y) = 2*y + 21. Let f be x(5). Let m = -19 + f. List the prime factors of d(m).
2, 23
Let p(k) = 3*k**2 - 5*k - 3. Let y be p(4). Let w(u) = u**3 - u**2 - 4*u - 4. Let r be w(3). Suppose 3 + y = r*a. What are the prime factors of a?
2, 7
What are the prime factors of ((-831)/6*-6)/((-19)/(-19))?
3, 277
Let t be (-321 - 0)/(1*2/(-4)). Suppose -8*x = -14*x + t. What are the prime factors of x?
107
Suppose -2*b - 5*t + 1524 + 498 = 0, 0 = 4*t - 8. What are the prime factors of b?
2, 503
Suppose 0 = -5*v - 3*y + 172, 49 + 57 = 3*v - y. Suppose -q + v = -2*q. What are the prime factors of 4/(-6) - q/3?
11
Suppose -3249 = -17*s + 168. What are the prime factors of s?
3, 67
Let j(g) = -501*g - 5. What are the prime factors of j(-1)?
2, 31
List the prime factors of (7488/54 - 5)*(1 - -20).
7, 401
Let q(b) = -2*b**3 - 25*b**2 - 29*b - 27. What are the prime factors of q(-12)?
3, 59
Suppose 51 = r - 608. List the prime factors of r.
659
Let s = 34 + -31. Suppose -s*t + 96 = t. List the prime factors of t.
2, 3
Let m be 616/4 + 2/(-1). Suppose f - 8 + 4 = 0. Suppose -q + z = -15, f*q + 4*z = m - 60. List the prime factors of q.
19
Let z be (-2)/(-4) - (-19)/(-2)*-5. Suppose 0 = -2*n - n + 3*k + z, -42 = -3*n + 5*k. List the prime factors of n.
19
Suppose 8 = 2*i - c - 0, -5*c - 22 = -i. Suppose -i*h + 7*h = 345. List the prime factors of h.
3, 23
Let y = 0 - 0. Let p(l) = -l - 6 + 0*l + 28. List the prime factors of p(y).
2, 11
Suppose 9*j - 874 = 7*j. Suppose 4*i = j - 125. List the prime factors of i.
2, 3, 13
Let y(z) = -61*z + 49. List the prime factors of y(-17).
2, 3, 181
Let n(k) = -21*k - 102. What are the prime factors of n(-25)?
3, 47
Suppose -315 = -4*k + 225. Suppose -5*p = -505 + k. What are the prime factors of p?
2, 37
Suppose 27*u = 24*u. Suppose u*j - 16 = -4*j. Suppose -4*z + 244 = -m, -4*z + j*m + 244 = -0*m. List the prime factors of z.
61
Let p = 4562 + -3194. What are the prime factors of p?
2, 3, 19
Suppose 760 = z - 18*d + 23*d, -4*z + 3084 = -2*d. What are the prime factors of z?
2, 5, 7, 11
Suppose 0*v + 3*o = -v - 2, 0 = 3*v + 4*o + 1. Let c be -2 + 6 + v + -87. Let b = c + 127. List the prime factors of b.
3, 5
Let t(j) = 85*j + 2. Let b be t(-2). Let f = b + 240. List the prime factors of f.
2, 3
Suppose 7*r - 43*r = -38268. List the prime factors of r.
1063
Let u(f) = 2*f**2 + 7*f + 5. Let c be (-6)/9 - (-20)/(-6). Let n be u(c). What are the prime factors of (20 - n)/(2 + -1)?
11
Let w(h) = 55*h**2 - 29*h - 157. What are the prime factors of w(-5)?
29, 47
Let o(s) = -571*s + 123. What are the prime factors of o(-5)?
2, 1489
Suppose -10782 = -31*o + 22*o. List the prime factors of o.
2, 599
Let p be ((-2)/(-3))/((-6)/(-27)). Suppose -5*a + m - p*m - 217 = 0, -5*a + 2*m = 233. List the prime factors of (3 + 0)/(a/(-300)).
2, 5
Let t = -20 - -100. List the prime factors of t.
2, 5
Let y(f) = 150*f - 317. List the prime factors of y(5).
433
Let d(i) = i**3 - 17*i**2 + 23*i + 128. What are the prime factors of d(16)?
2, 3, 5
Let b(d) be the second derivative of d**4/12 - 2*d**3/3 + 5*d**2/2 - 7*d. Let r(s) = s**2 + s. Let q be r(-3). What are the prime factors of b(q)?
17
Let f = 10 - 4. Suppose -5*z + 369 = -q, z - 70 = f*q - 2*q. What are the prime factors of z?
2, 37
Suppose -5*k - 4*o = -122, -4*k - 71 + 179 = -2*o. Suppose 5*t - 134 = k. Suppose 4 = 3*n - t. What are the prime factors of n?
2, 3
Let j(a) = -2*a**3 - 2*a**2 + a + 72. What are the prime factors of j(0)?
2, 3
Suppose -o + 3*o - 3*v - 774 = 0, 4*v + 774 = 2*o. List the prime factors of o.
3, 43
Suppose 0 = -10*f + 2*f + 40. Suppose 9 = t + 2*b - 45, -f*b - 195 = -3*t. What are the prime factors of t?
2, 3, 5
Let v be 33 + 0/2 + 2. Suppose 8*p = 6*p - a + 15, 0 = 4*a + 20. Suppose 0 = 5*y - p - v. What are the prime factors of y?
3
What are the prime factors of -3*(-5)/(15/(-4))*-52?
2, 13
Let f(m) = -m**3 + 7*m**2 + 2*m - 7. Let n be f(7). Suppose 0 = -n*y + 5*y + 88. Suppose -2*w + 0*w + y = 0. List the prime factors of w.
2, 11
Suppose -w + 0*h = -2*h - 8, -16 = 4*h. Suppose w = a - 12 - 2. What are the prime factors of a?
2, 7
Suppose -11*z + 2406 = -344. Suppose -5*n + 38 + 617 = 5*y, 2*y - z = 2*n. List the prime factors of y.
2
Let g(m) = -3*m**3 - 12*m**2 + 3*m - 8. Let x(f) = -2*f**3 - 11*f**2 + 2*f - 9. Let b(j) = 3*g(j) - 4*x(j). What are the prime factors of b(5)?
2, 23
Suppose 16 = y - k + 1, 0 = k + 4. Let u = -39 + y. Let v = -11 - u. List the prime factors of v.
17
Let d be 93/2*(-544)/51. Let w = 694 + d. List the prime factors of w.
2, 3, 11
Let q be ((-3)/4)/(5/60). Let x(i) = i**3 + 9*i**2 - 8*i + 6. Let p be x(q). Suppose 0 = -2*t - t + p. List the prime factors of t.
2, 13
Let z be (-7)/(-1) - (-27)/(-9). Let s = -1 + z. Suppose 24 = i - s*g - g, 4*i - 180 = -5*g. List the prime factors of i.
2, 5
Let y(x) = -3*x + 5. Suppose 4*i + 26 = -5*k, 4*i + 2*k = 4*k - 40. Let p be y(i). Suppose -4*o + p = 3*q, -6*q = -2*q - 5*o - 22. List the prime factors of q.
2
Suppose 155 = 5*g - 620. Suppose 2*i - g = i. Suppose 4*c = -5*x + 3*c + 139, 5*x - i = -5*c. List the prime factors of x.
3
Suppose -2*z - 23 = 5. Let c = 18 + z. What are the prime factors of (-15)/c*(2 - 6)?
3, 5
Let s(y) = -y**2 - 15*y - 38. Let d be s(-11). List the prime factors of 1244/d + (-68)/(-102).
2, 13
Suppose 0 = -5*a + b - 1320, -2*a + 2*b = -221 + 749. Let u = -83 - a. List the prime factors of u.
181
Let d be ((-15)/10 + 3)*(-8)/(-6). Suppose -4*t = d*k - 558, -2*k - 4 = -14. List